ctors of a?
2, 5, 7, 31
Let i(b) = -57*b**3 - 3*b - 265. List the prime factors of i(-8).
103, 281
Let o = 94 - 89. Let l(z) = -2*z**3 + 6*z**2 - 30*z - 6. Let j be l(o). What are the prime factors of j/24*((-45)/2 + 3)?
2, 13
Let t(b) = 39*b + 2360. List the prime factors of t(20).
2, 5, 157
Let d(x) be the third derivative of x**4/12 + 5*x**3/2 - 16*x**2. Let v be d(-6). Suppose -v*h - 452 = -7*h. List the prime factors of h.
113
Let j(b) = -3*b**2 + 7*b + 22. Let w(a) = 4*a**2 - 6*a - 21. Let r(u) = -5*j(u) - 4*w(u). Let v be r(-6). List the prime factors of 5 + 62 + -3 + v.
2, 17
Let p = 434 + -426. Let s(l) = l**3 + l**2 + 3*l - 7. What are the prime factors of s(p)?
593
Suppose -8*p + 1175 = -3*p. Suppose x - 2*r = p, -2*x - 207 = r - 697. List the prime factors of x.
3
Let z be (315/(-5) - -2)/1. Let y = -68 - z. What are the prime factors of (-3 + 260/84)*-6*y?
2
Let m(o) = 10896*o + 456. List the prime factors of m(2).
2, 3, 103
Let t(l) = 23*l**3 - 13*l**2 + 57*l - 660. List the prime factors of t(11).
3, 11, 293
Let o = 62 + 130. Suppose 3*g = -g + 4*z + o, -3*g + z + 138 = 0. Suppose -g = -0*v - v. What are the prime factors of v?
3, 5
Let a(g) = 396*g + 33846. What are the prime factors of a(0)?
2, 3, 5641
Suppose 0*x + 136 = x. Let g = x + -220. Let w = g + 158. What are the prime factors of w?
2, 37
Let s = -25567 + 40988. List the prime factors of s.
7, 2203
Suppose -138*b + 144*b - 11772 = 0. Let m = -1285 + b. List the prime factors of m.
677
Let k(f) = 86*f**2 + 23*f + 9. Let y be k(-9). Suppose r = 19*r - y. List the prime factors of r.
2, 47
Let q be -2 + 4/8*50. Suppose -5 = q*i - 18*i. List the prime factors of (1 - i)*(2 - 185/(-10)).
41
Let q(z) = 458*z + 1000. What are the prime factors of q(10)?
2, 3, 5, 31
Let p(q) be the third derivative of 7*q**5/60 + 5*q**4/12 - 127*q**3/3 + 115*q**2. List the prime factors of p(11).
19, 37
Suppose 4*l - 75424 = 4*r, -3*l - 5*r = -r - 56547. List the prime factors of l.
17, 1109
Suppose 4*l = 4*c + 1308, 3*c = -l - 63 + 378. Suppose -5*i = -3*i - l. What are the prime factors of i?
2, 3
Let a(i) = 3 - 3 + 221*i - 151*i. Let l be (-2)/((-5)/((-45)/(-6))). List the prime factors of a(l).
2, 3, 5, 7
Let p = -25604 - -42322. List the prime factors of p.
2, 13, 643
Suppose -8*q + 184615 = -3*q + 5*p, 5*q + p = 184599. What are the prime factors of q?
36919
Suppose 3*u - 4*u + 56 = 2*j, -4*u = -j - 215. Suppose -h + 187 - u = -3*b, -3*h - 186 = 4*b. What are the prime factors of (-10)/b + 1670/18?
3, 31
Suppose 3*l = 3*y + 4245, -3*l - 2*y + 4*y + 4247 = 0. Let h = l + -719. List the prime factors of h.
2, 349
Suppose -642*d + 658*d = 125536. List the prime factors of d.
2, 3923
List the prime factors of ((-2984449)/6)/(-13) + (-2)/12.
2, 3, 7, 911
Let f be 3/(-1) + 8 + 2. Suppose f*z = 10 + 11. Suppose 2*w = z*t - 83, -4*w = t + t - 66. What are the prime factors of t?
29
Let a be (-3)/24 + 14/(-16). Let r(n) = 372*n**2. Let d be r(a). Suppose -3*t + d = -3*c, 2*t - 5*t = 2*c - 372. What are the prime factors of t?
2, 31
Suppose -233 = 3*p + u, -9*u + 5*u - 393 = 5*p. Let b be ((-2)/(-6))/((-3)/(-63)). Let y = b - p. List the prime factors of y.
2, 3, 7
Let r = 3160 + -1765. What are the prime factors of r?
3, 5, 31
Let t = 404 - 342. Suppose -3*d + 2 = -7. Suppose t = -x + d*x. List the prime factors of x.
31
Let c be (-122)/(-10) - (140/(-50))/(-14). List the prime factors of (c/(-4 - 0))/((-3)/538).
2, 269
Let p = 1255 + -705. Suppose -6*z + p + 152 = 0. What are the prime factors of z?
3, 13
Suppose 10*i + 3*f = i + 380301, 4*i - 169021 = -f. What are the prime factors of i?
2, 37, 571
Let n(y) = -y**2 + 11*y + 2*y + 21*y - 4*y + 4*y + 48. What are the prime factors of n(17)?
337
Suppose -15*a + 194 + 226 = 0. List the prime factors of ((-69)/6)/(((-3)/a)/3).
2, 7, 23
Let a(l) = -l**3 + 13*l**2 - 31*l + 8. Suppose 80*q - 64 = 72*q. List the prime factors of a(q).
2, 5
Let a = -120 - -114. Let x be a + 4 + 1 + (-734)/(-1). Suppose 3*p - 5*m - x = 0, -6 = 2*m + m. List the prime factors of p.
241
Let d be 12/20 + (-54)/15. Let m = 2 - d. Suppose -2*n + 324 = 3*s + n, 0 = -m*s - 3*n + 548. List the prime factors of s.
2, 7
Let d(b) = -2*b**3 - 39*b**2 - 17*b - 34. Let g be d(-19). Let o = 88 + g. What are the prime factors of o?
2
Let b(h) = h**3 + 55*h**2 - 229*h - 14. List the prime factors of b(-53).
113, 157
Suppose 5*d + 2854 = m, 0 = 4*m + 4*d - 2933 - 8579. List the prime factors of m.
2, 3, 479
Let q(x) = 30*x**2 + x - 13. Suppose 26 = 8*m + 50. What are the prime factors of q(m)?
2, 127
Let f(a) = 122*a**2 - 27*a + 343. What are the prime factors of f(11)?
2, 3, 617
Let p be (-14 + 17)*(3 - 2602/(-6)). Let b = -703 + p. What are the prime factors of b?
607
Suppose -59563 + 4693 = -3*k - y, y = -4*k + 73158. List the prime factors of k.
2, 3, 127
Suppose -14167 = -13*d + 2850. Suppose 0*z - 11*z = -d. List the prime factors of z.
7, 17
Let k = 177 - 1045. Let m = k + 1333. Suppose 0 = -2*p + j + 310, 3*p + m = 6*p + 4*j. List the prime factors of p.
5, 31
What are the prime factors of -7*(5 + -3) + 4405?
4391
Suppose -7*s - 50*s = -381786. List the prime factors of s.
2, 17, 197
Suppose -74 - 4 = -26*p. Let l = 45 - p. What are the prime factors of l?
2, 3, 7
List the prime factors of (-21847)/(-21) - (-26)/(-78).
2, 5, 13
Let v(b) = 28*b**2 + 21*b + 30. What are the prime factors of v(-10)?
2, 5, 131
Let p = -29 - -81. Suppose 19 - p = l. Let w = l + 67. What are the prime factors of w?
2, 17
Suppose -2*p + 6496 = 2*v, 5*p - 5454 = -3*v + 4292. List the prime factors of v.
17, 191
Let p(m) = -2*m**2 - 7. Let c be p(-4). Let s = 44 + c. Suppose s*k + 74 = 3*t, -4*t + 129 = -k + 19. What are the prime factors of t?
2, 7
Suppose 2*f = -0*n - 4*n - 10310, 7740 = -3*n - 4*f. Let q = -1168 - n. List the prime factors of q.
2, 11
Let j(r) = 34*r + 28. Let m be j(-4). Let h = -102 - m. Suppose 0 = -h*w + 266 + 526. List the prime factors of w.
2, 3, 11
What are the prime factors of ((-286164)/(-15))/1 - (-6)/75*5?
2, 9539
Let w = -78 - -84. What are the prime factors of (-2)/w - 12540/(-90)?
139
Suppose -7*z + 22 = 3*p, 9 = 7*p - 6*p + 4*z. Let i(r) = 7*r + 2*r**2 + r + 2*r + 16. What are the prime factors of i(p)?
2, 29
Suppose 3*z = -5*m - 35, -2*m - 14 = 8*z - 11*z. What are the prime factors of (-7)/m - -122 - 1?
2, 61
Let b be (5 - 6)*-2 + 1. Suppose b*j - 4*p = 11 - 33, -5*j = -4*p + 26. What are the prime factors of (j + 4 - -4)/((-3)/(-20))?
2, 5
Let f = 2330 + 1990. Suppose 0 = -44*k + 15188 - f. List the prime factors of k.
13, 19
Suppose -858 = -51*r + 12*r. Let p(k) = 3*k**2 - 35*k + 9. What are the prime factors of p(r)?
691
List the prime factors of 28933/3 + 20/(-60).
2, 2411
Let f = 2843 - 16713. List the prime factors of ((-12)/(-10))/((-38)/f).
2, 3, 73
Let i be (-2)/((-915)/230 + 4). List the prime factors of (-15795)/(-69) + ((-8)/i)/1.
229
Let k(h) = -h**3 - h**2 + 4*h + 8. Let o be k(-4). Suppose 5*q - 217 = u, -q + o = 2*u + 1. What are the prime factors of q?
43
Let t(v) = -533*v**2 + 7*v - 4. Let h be t(1). List the prime factors of (-7 + 4 - 0)/(3/h).
2, 5, 53
Suppose 715*s - 713197 = 686*s. List the prime factors of s.
24593
Suppose 567 = 7*k - 14*k. Let f = k - -77. Let h(b) = -34*b - 25. List the prime factors of h(f).
3, 37
What are the prime factors of 0 - (-25242 + (10 - 13))?
3, 5, 11, 17
Let r(c) = -c**2 + 30*c - 2. Let z be r(21). Let s be -2 + -2 - (-14 - -1942). What are the prime factors of 34/z - s/22?
2, 11
Suppose 3736*v = 3756*v - 1357800. List the prime factors of v.
2, 3, 5, 31, 73
Suppose 0 = 4*g + 5*v, -3*g + 2*v - v + 19 = 0. Suppose 3*j - 2*j = 5, f + 214 = g*j. Let t = f + 319. What are the prime factors of t?
2, 5, 13
Let w(k) = 166*k + 4. Let s = -80 - -85. Let d be w(s). Let n = d - 544. List the prime factors of n.
2, 5, 29
What are the prime factors of 2815 + ((-1)/2)/(27/216)?
3, 937
Suppose 5*z = -30 + 10, -3*d = -3*z - 15. Suppose -4*y + d = -19. Suppose 0 = 2*r - 3*t - 118, -y*t - 104 = -2*r + 10. What are the prime factors of r?
2, 31
Let y be (3/2)/((-12)/24). List the prime factors of (-2 - 129/y) + (14 - 10).
3, 5
Let l(o) = -3522*o - 1222. List the prime factors of l(-9).
2, 19, 401
Suppose 3*x + 45 = 12*x. Suppose 